t 59a372 (base 11) to base 12.
39a274
1000110000111101101 (base 2) to base 13
a0964
-414343341 (base 5) to base 4
-12202310033
What is -1223132 (base 4) in base 9?
-10382
What is 364b6 (base 13) in base 11?
68998
23311133 (base 6) to base 9
1324133
What is -1b9b969 (base 12) in base 9?
-12137560
247062 (base 8) to base 6
1500030
-1023223233 (base 4) to base 15
-61cb9
2120101222 (base 3) to base 5
3104342
Convert -1017135 (base 8) to base 7.
-2202634
What is 10211101001010 (base 3) in base 10?
2034669
78256 (base 11) to base 13
3c830
Convert -210153 (base 6) to base 15.
-502c
Convert -bb4c6 (base 16) to base 10.
-767174
What is -15729 (base 13) in base 3?
-2001220210
What is -13838 (base 12) in base 16?
-69ec
What is -163245 (base 7) in base 6?
-405513
What is 2340100 (base 6) in base 11?
83612
Convert 122102221122 (base 3) to base 5.
41441242
What is 279a2b (base 13) in base 6?
32355005
What is -824dc1 (base 15) in base 14?
-b72c2c
-810c5 (base 14) to base 9
-522516
Convert -254541110 (base 6) to base 12.
-1807796
Convert -111001111100101001010 (base 2) to base 15.
-277936
Convert 11010110110001110001 (base 2) to base 13.
24a566
-5541c9 (base 13) to base 10
-2008392
111112011120000 (base 3) to base 6
414020000
What is 10011111111001001 (base 2) in base 6?
1431001
Convert -14523564 (base 7) to base 10.
-1384296
What is 534839 (base 12) in base 7?
14113203
Convert -134433044 (base 5) to base 11.
-43a6a1
Convert 100011100111111011011 (base 2) to base 8.
4347733
200101120211200 (base 3) to base 4
211102103223
Convert -111005044 (base 6) to base 15.
-299b61
-2111021100210 (base 3) to base 7
-14153301
Convert 1100110110010101111010 (base 2) to base 13.
90c1b1
-4c797 (base 13) to base 8
-425133
What is -19a57d (base 15) in base 2?
-100110001001011001001
Convert -539402 (base 11) to base 8.
-3222713
3353653 (base 7) to base 12
1811ba
Convert -13de78 (base 15) to base 8.
-3517664
-11dd6f (base 16) to base 11
-72a703
-281c64 (base 13) to base 8
-3561025
-441394 (base 12) to base 9
-2026204
-59280a (base 12) to base 7
-15125563
Convert 22032233302 (base 4) to base 5.
1141304332
Convert 1036dad (base 14) to base 8.
35170515
What is -1077877 (base 9) in base 13?
-1755a9
Convert -27405232 (base 8) to base 11.
-352a477
What is 19a555 (base 14) in base 4?
3132222333
10383555 (base 9) to base 16
4c86ce
-1111110110101000111 (base 2) to base 3
-222101121120
202223400 (base 5) to base 15
113185
Convert -332257 (base 8) to base 9.
-180312
-355169 (base 10) to base 4
-1112231201
What is -4cdb83 (base 14) in base 12?
-a79847
-243121 (base 7) to base 14
-12211
Convert -43733 (base 12) to base 16.
-15c57
Convert 3000321101 (base 4) to base 5.
200240342
What is 11a7cd3 (base 14) in base 15?
b258e5
What is -b759 (base 13) in base 3?
-1021212122
Convert 391b52 (base 14) to base 11.
11217a6
What is -12222110101 (base 3) in base 8?
-345707
What is 802822 (base 9) in base 5?
110141033
Convert 831144 (base 9) to base 12.
1b9311
What is 9399a (base 12) in base 6?
4050314
What is -527053 (base 10) in base 2?
-10000000101011001101
-101110110010111010 (base 2) to base 13
-69322
Convert 2ca9d (base 15) to base 6.
3031204
Convert 11011100112102 (base 3) to base 8.
10337166
What is a8120 (base 11) in base 3?
21222122021
What is 4656318 (base 9) in base 12?
a14a75
Convert 13341 (base 8) to base 15.
1b07
-5403004 (base 6) to base 5
-31440121
Convert 82876 (base 9) to base 7.
315240
Convert 3e346e (base 15) to base 14.
5807d2
-3704336 (base 8) to base 11
-635996
Convert 413340132 (base 5) to base 11.
a60885
-177a99 (base 14) to base 6
-25425303
Convert 28435454 (base 9) to base 3.
222111012111211
What is -1001100111100010 (base 2) in base 16?
-99e2
What is 1841d (base 16) in base 2?
11000010000011101
-26008 (base 14) to base 3
-11201222201
What is 55bc1 (base 13) in base 11?
a7072
What is -1101110011000000 (base 2) in base 6?
-1113344
Convert -25230335 (base 7) to base 5.
-1040320241
-3819412 (base 10) to base 4
-32210132110
535246 (base 14) to base 4
22300013232
What is 100010001101011111110 (base 2) in base 6?
40005530
-7610325 (base 8) to base 10
-2035925
What is 2030110021 (base 4) in base 6?
20152441
Convert -1276576 (base 8) to base 6.
-11413434
54785 (base 11) to base 6
1411525
What is -2143302021 (base 5) in base 2?
-10001110011001000011110
-11020144 (base 5) to base 10
-95049
44000330 (base 6) to base 15
1ac199
Convert 110000111100000000 (base 2) to base 5.
22403243
Convert 3502504 (base 7) to base 2.
1101010111010011101
493b8c (base 14) to base 9
4641638
19445 (base 14) to base 3
10020201210
Convert 113111342 (base 5) to base 11.
325421
Convert 153018 (base 9) to base 10.
94058
What is 24214121 (base 5) in base 16?
37371
What is -13e0c8 (base 15) in base 16?
-ea0e0
-49c4 (base 16) to base 2
-100100111000100
What is 2142710 (base 9) in base 4?
10120310001
What is 2292370 (base 10) in base 7?
25325203
2464251 (base 9) to base 2
101000111100010000000
Convert -5702631 (base 11) to base 3.
-200210110202120
Convert -102145544 (base 7) to base 9.
-12307485
Convert -211202210110 (base 4) to base 8.
-45424424
What is 474718 (base 10) in base 6?
14101434
443550415 (base 6) to base 12
282b40b
-42044 (base 6) to base 14
-20b2
Convert 130300220 (base 4) to base 9.
188528
Convert 8c4a1d (base 14) to base 15.
645417
Convert bb9 (base 12) to base 16.
6bd
Convert 1e1a9 (base 16) to base 8.
360651
Convert -3244337 (base 9) to base 7.
-20543206
1a04a (base 11) to base 6
333353
What is bb1a1 (base 12) in base 9?
416284
What is 132203133111 (base 4) in base 13?
1875978
What is 231224111 (base 5) in base 10?
1039281
Convert 1107744 (base 8) to base 10.
298980
Convert -3242342 (base 5) to base 8.
-155244
-e222 (base 16) to base 13
-20471
Convert -10db45 (base 14) to base 16.
-8c8e1
120788 (base 10) to base 13
42c95
113015425 (base 6) to base 16
201329
11344433 (base 5) to base 6
2135511
What is 77746 (base 8) in base 14?
bd0a
What is 2417724 (base 8) in base 15?
d18dd
Convert 110203301200 (base 4) to base 11.
3051162
-1128bc4 (base 15) to base 16
-bb644d
1c90b74 (base 13) to base 5
4420310303
What is 5134734 (base 9) in base 11?
1601210
What is -1120222201120 (base 3) in base 2?
-11001110100101011000
Convert 19b2848 (base 12) to base 7.
64252133
What is 28cb50 (base 14) in base 10?
1418130
-100100011111000111110 (base 2) to base 8
-4437076
Convert -10201343 (base 6) to base 14.
-79b55
Convert 680477 (base 9) to base 14.
a8560
40a268 (base 15) to base 12
10417b2
What is -8dd49 (base 14) in base 4?
-1110120031
Convert 10111111110011111100000 (base 2) to base 8.
27763740
Convert 57d28e (base 16) to base 7.
66630661
-5001355 (base 7) to base 8
-2175747
Convert 3433440123 (base 5) to base 3.
112112010022220
What is -7895c2 (base 14) in base 12?
-14575b2
-6a4819 (base 11) to base 14
-211b48
104468 (base 12) to base 2
111110100110010000
What is -6b6a7 (base 14) in base 15?
-5296d
Convert 22111321311 (base 4) to base 13.
73c047
What is a14c59 (base 14) in base 3?
101012212122110
18d9a (base 15) to base 10
80695
Convert -4e916a (base 15) to base 12.
-132189a
14430623 (base 7) to base 14
278c13
What is -563993 (base 10) in base 6?
-20031025
What is -2027 (base 16) in base 11?
-6203
Convert -19ea7 (base 15) to base 10.
-84307
-2a06c (base 14) to base 13
-38674
-5944098 (base 10) to base 5
-3010202343
What is 8d98 (base 14) in base 13?
b29c
Convert -230513254 (base 6) to base 11.
-2436609
Convert -1370421 (base 10) to base 2.
-101001110100100110101
Convert -100101000010110001010001 (base 2) to base 15.
-cbc383
-358364 (base 9) to base 6
-4344221
What is -277474 (base 10) in base 2?
-1000011101111100010
-100100100110010111001010 (base 2) to base 6
-541350042
2270732 (base 9) to base 12
4b243b
What is -65ec87 (base 15) in base 4?
-102202120330
-891596 (base 13) to base 15
-43c308
Convert a9177 (base 12) to base 2.
110110011110101011
What is 225041 (base 7) in base 2?
1001110011100000
100010021111212 (base 3) to base 12
175931b
What is -158269 (base 14) in base 15?
-ecdb1
-1541162 (base 7) to base 8
-635414
What is -22415454 (base 6) in base 16?
-a7afa
Convert -6289 (base 16) to base 8.
-61211
Convert -20110210212 (base 3) to base 2.
-11111000111001100
What is 1101000110101101000 (base 2) in base 13?
1205c0